{"id":226,"date":"2024-02-23T21:22:53","date_gmt":"2024-02-23T20:22:53","guid":{"rendered":"https:\/\/bst-consulting.pl\/?page_id=226"},"modified":"2024-02-25T22:23:59","modified_gmt":"2024-02-25T21:23:59","slug":"blog","status":"publish","type":"page","link":"https:\/\/bst-consulting.pl\/?page_id=226","title":{"rendered":"Blog"},"content":{"rendered":"\t\t<div data-elementor-type=\"wp-page\" data-elementor-id=\"226\" class=\"elementor elementor-226\">\n\t\t\t\t<div class=\"elementor-element elementor-element-ac1a133 e-flex e-con-boxed wpr-particle-no wpr-jarallax-no wpr-parallax-no wpr-sticky-section-no e-con e-parent\" data-id=\"ac1a133\" data-element_type=\"container\" data-settings=\"{&quot;background_background&quot;:&quot;classic&quot;}\">\n\t\t\t\t\t<div class=\"e-con-inner\">\n\t\t\t\t<div class=\"elementor-element elementor-element-d8957ae wpr-grid-columns-2 wpr-grid-columns--tablet2 wpr-grid-columns--mobile1 wpr-grid-pagination-center wpr-item-styles-inner elementor-widget elementor-widget-wpr-grid\" data-id=\"d8957ae\" data-element_type=\"widget\" data-widget_type=\"wpr-grid.default\">\n\t\t\t\t<div class=\"elementor-widget-container\">\n\t\t\t\t\t<ul class=\"wpr-grid-filters elementor-clearfix wpr-grid-filters-sep-right\"><li class=\" wpr-pointer-none wpr-pointer-line-fx wpr-pointer-fx-none\"><span   data-ajax-filter=[\"category\",\"blog\"]  data-filter=\".category-blog\">Blog<\/span><em class=\"wpr-grid-filters-sep\"><\/em><\/li><\/ul><section class=\"wpr-grid elementor-clearfix\" data-settings=\"{&quot;layout&quot;:&quot;fitRows&quot;,&quot;stick_last_element_to_bottom&quot;:&quot;&quot;,&quot;columns_desktop&quot;:&quot;2&quot;,&quot;gutter_hr&quot;:15,&quot;gutter_hr_mobile&quot;:15,&quot;gutter_hr_mobile_extra&quot;:15,&quot;gutter_hr_tablet&quot;:15,&quot;gutter_hr_tablet_extra&quot;:15,&quot;gutter_hr_laptop&quot;:15,&quot;gutter_hr_widescreen&quot;:15,&quot;gutter_vr&quot;:15,&quot;gutter_vr_mobile&quot;:32,&quot;gutter_vr_mobile_extra&quot;:15,&quot;gutter_vr_tablet&quot;:15,&quot;gutter_vr_tablet_extra&quot;:15,&quot;gutter_vr_laptop&quot;:15,&quot;gutter_vr_widescreen&quot;:15,&quot;animation&quot;:&quot;default&quot;,&quot;animation_duration&quot;:0.3,&quot;animation_delay&quot;:0.1,&quot;deeplinking&quot;:&quot;&quot;,&quot;filters_linkable&quot;:&quot;no&quot;,&quot;filters_default_filter&quot;:&quot;&quot;,&quot;filters_count&quot;:&quot;&quot;,&quot;filters_hide_empty&quot;:&quot;yes&quot;,&quot;filters_animation&quot;:&quot;default&quot;,&quot;filters_animation_duration&quot;:0.3,&quot;filters_animation_delay&quot;:0.1,&quot;pagination_type&quot;:&quot;load-more&quot;,&quot;pagination_max_pages&quot;:1,&quot;lightbox&quot;:{&quot;selector&quot;:&quot;.wpr-grid-image-wrap&quot;,&quot;iframeMaxWidth&quot;:&quot;60%&quot;,&quot;hash&quot;:false,&quot;autoplay&quot;:&quot;true&quot;,&quot;pause&quot;:5000,&quot;progressBar&quot;:&quot;true&quot;,&quot;counter&quot;:&quot;true&quot;,&quot;controls&quot;:&quot;true&quot;,&quot;getCaptionFromTitleOrAlt&quot;:&quot;true&quot;,&quot;thumbnail&quot;:&quot;&quot;,&quot;showThumbByDefault&quot;:&quot;&quot;,&quot;share&quot;:&quot;&quot;,&quot;zoom&quot;:&quot;true&quot;,&quot;fullScreen&quot;:&quot;true&quot;,&quot;download&quot;:&quot;true&quot;}}\" data-advanced-filters=\"no\"><article class=\"wpr-grid-item elementor-clearfix post-188 post type-post status-publish format-standard has-post-thumbnail hentry category-blog\"><div class=\"wpr-grid-item-inner\"><div class=\"wpr-grid-media-wrap wpr-effect-size-medium \" data-overlay-link=\"yes\"><div class=\"wpr-grid-image-wrap\" data-src=\"https:\/\/bst-consulting.pl\/wp-content\/uploads\/2024\/02\/5-768x455-1.png\" data-img-on-hover=\"\"  data-src-secondary=\"\"><img decoding=\"async\" data-no-lazy=\"1\" src=\"https:\/\/bst-consulting.pl\/wp-content\/uploads\/2024\/02\/5-768x455-1.png\" alt=\"Ci\u0105g\u0142o\u015b\u0107 sprzeda\u017cy w czasach kryzysu\" class=\"wpr-anim-timing-ease-default\"><\/div><div class=\"wpr-grid-media-hover wpr-animation-wrap\"><div class=\"wpr-grid-media-hover-bg  wpr-overlay-fade-in wpr-anim-size-large wpr-anim-timing-ease-default wpr-anim-transparency\" data-url=\"https:\/\/bst-consulting.pl\/?p=188\"><\/div><\/div><\/div><div class=\"wpr-grid-item-below-content elementor-clearfix\"><h2 class=\"wpr-grid-item-title elementor-repeater-item-529a895 wpr-grid-item-display-block wpr-grid-item-align-left wpr-pointer-none wpr-pointer-line-fx wpr-pointer-fx-fade\"><div class=\"inner-block\"><a target=\"_self\"  href=\"https:\/\/bst-consulting.pl\/?p=188\">Ci\u0105g\u0142o\u015b\u0107 sprzeda\u017cy w czasach kryzysu<\/a><\/div><\/h2><div class=\"wpr-grid-item-date elementor-repeater-item-5d94a3a wpr-grid-item-display-inline wpr-grid-item-align-left\"><div class=\"inner-block\"><span>2024-02-23<span class=\"wpr-grid-extra-text-right\">\/<\/span><\/span><\/div><\/div><div class=\"wpr-grid-item-excerpt elementor-repeater-item-0c8055b wpr-grid-item-display-block wpr-grid-item-align-left\"><div class=\"inner-block\"><p>Ci\u0105g\u0142o\u015b\u0107 sprzeda\u017cy w czasach kryzysu\u200b W obliczu kryzysu, zachowanie klient\u00f3w mo\u017ce znacznie si\u0119 zmieni\u0107, co sprawia, \u017ce prognozowanie sprzeda\u017cy staje...<\/p><\/div><\/div><div class=\"wpr-grid-item-read-more elementor-repeater-item-21c45f4 wpr-grid-item-display-block wpr-grid-item-align-left\"><div class=\"inner-block\"><a target=\"_self\" href=\"https:\/\/bst-consulting.pl\/?p=188\" class=\"wpr-button-effect wpr-button-none\"><span>Czytaj dalej...<\/span><\/a><\/div><\/div><\/div><\/div><\/article><article class=\"wpr-grid-item elementor-clearfix post-184 post type-post status-publish format-standard has-post-thumbnail hentry category-blog\"><div class=\"wpr-grid-item-inner\"><div class=\"wpr-grid-media-wrap wpr-effect-size-medium \" data-overlay-link=\"yes\"><div class=\"wpr-grid-image-wrap\" data-src=\"https:\/\/bst-consulting.pl\/wp-content\/uploads\/2024\/02\/2-1-768x455-1.png\" data-img-on-hover=\"\"  data-src-secondary=\"\"><img decoding=\"async\" data-no-lazy=\"1\" src=\"https:\/\/bst-consulting.pl\/wp-content\/uploads\/2024\/02\/2-1-768x455-1.png\" alt=\"Kiedy i jak robi\u0107 zmiany?\" class=\"wpr-anim-timing-ease-default\"><\/div><div class=\"wpr-grid-media-hover wpr-animation-wrap\"><div class=\"wpr-grid-media-hover-bg  wpr-overlay-fade-in wpr-anim-size-large wpr-anim-timing-ease-default wpr-anim-transparency\" data-url=\"https:\/\/bst-consulting.pl\/?p=184\"><\/div><\/div><\/div><div class=\"wpr-grid-item-below-content elementor-clearfix\"><h2 class=\"wpr-grid-item-title elementor-repeater-item-529a895 wpr-grid-item-display-block wpr-grid-item-align-left wpr-pointer-none wpr-pointer-line-fx wpr-pointer-fx-fade\"><div class=\"inner-block\"><a target=\"_self\"  href=\"https:\/\/bst-consulting.pl\/?p=184\">Kiedy i jak robi\u0107 zmiany?<\/a><\/div><\/h2><div class=\"wpr-grid-item-date elementor-repeater-item-5d94a3a wpr-grid-item-display-inline wpr-grid-item-align-left\"><div class=\"inner-block\"><span>2024-02-23<span class=\"wpr-grid-extra-text-right\">\/<\/span><\/span><\/div><\/div><div class=\"wpr-grid-item-excerpt elementor-repeater-item-0c8055b wpr-grid-item-display-block wpr-grid-item-align-left\"><div class=\"inner-block\"><p>Kiedy i jak robi\u0107 zmiany? Organizacyjny b\u00f3l Ze zmianami w firmie jest jak z leczeniem z\u0119b\u00f3w. Ka\u017cdy wie, \u017ce profilaktyka...<\/p><\/div><\/div><div class=\"wpr-grid-item-read-more elementor-repeater-item-21c45f4 wpr-grid-item-display-block wpr-grid-item-align-left\"><div class=\"inner-block\"><a target=\"_self\" href=\"https:\/\/bst-consulting.pl\/?p=184\" class=\"wpr-button-effect wpr-button-none\"><span>Czytaj dalej...<\/span><\/a><\/div><\/div><\/div><\/div><\/article><article class=\"wpr-grid-item elementor-clearfix post-178 post type-post status-publish format-standard has-post-thumbnail hentry category-blog\"><div class=\"wpr-grid-item-inner\"><div class=\"wpr-grid-media-wrap wpr-effect-size-medium \" data-overlay-link=\"yes\"><div class=\"wpr-grid-image-wrap\" data-src=\"https:\/\/bst-consulting.pl\/wp-content\/uploads\/2024\/02\/3.png\" data-img-on-hover=\"\"  data-src-secondary=\"\"><img decoding=\"async\" data-no-lazy=\"1\" src=\"https:\/\/bst-consulting.pl\/wp-content\/uploads\/2024\/02\/3.png\" alt=\"Rola mened\u017cera podczas transformacji\" class=\"wpr-anim-timing-ease-default\"><\/div><div class=\"wpr-grid-media-hover wpr-animation-wrap\"><div class=\"wpr-grid-media-hover-bg  wpr-overlay-fade-in wpr-anim-size-large wpr-anim-timing-ease-default wpr-anim-transparency\" data-url=\"https:\/\/bst-consulting.pl\/?p=178\"><\/div><\/div><\/div><div class=\"wpr-grid-item-below-content elementor-clearfix\"><h2 class=\"wpr-grid-item-title elementor-repeater-item-529a895 wpr-grid-item-display-block wpr-grid-item-align-left wpr-pointer-none wpr-pointer-line-fx wpr-pointer-fx-fade\"><div class=\"inner-block\"><a target=\"_self\"  href=\"https:\/\/bst-consulting.pl\/?p=178\">Rola mened\u017cera podczas transformacji<\/a><\/div><\/h2><div class=\"wpr-grid-item-date elementor-repeater-item-5d94a3a wpr-grid-item-display-inline wpr-grid-item-align-left\"><div class=\"inner-block\"><span>2024-02-23<span class=\"wpr-grid-extra-text-right\">\/<\/span><\/span><\/div><\/div><div class=\"wpr-grid-item-excerpt elementor-repeater-item-0c8055b wpr-grid-item-display-block wpr-grid-item-align-left\"><div class=\"inner-block\"><p>ROLA MENAD\u017bERA PODCZAS TRANSFORMACJI Co z tym VUCA? Od lat m\u00f3wi si\u0119 w biznesie o VUCA, o czasach niepewno\u015bci wynikaj\u0105cych...<\/p><\/div><\/div><div class=\"wpr-grid-item-read-more elementor-repeater-item-21c45f4 wpr-grid-item-display-block wpr-grid-item-align-left\"><div class=\"inner-block\"><a target=\"_self\" href=\"https:\/\/bst-consulting.pl\/?p=178\" class=\"wpr-button-effect wpr-button-none\"><span>Czytaj dalej...<\/span><\/a><\/div><\/div><\/div><\/div><\/article><\/section>\t\t\t\t<\/div>\n\t\t\t\t<\/div>\n\t\t\t\t\t<\/div>\n\t\t\t\t<\/div>\n\t\t\t\t<\/div>\n\t\t","protected":false},"excerpt":{"rendered":"<p>Blog Ci\u0105g\u0142o\u015b\u0107 sprzeda\u017cy w czasach kryzysu 2024-02-23\/ Ci\u0105g\u0142o\u015b\u0107 sprzeda\u017cy w czasach kryzysu\u200b W obliczu kryzysu, zachowanie klient\u00f3w mo\u017ce znacznie si\u0119 zmieni\u0107, co sprawia, \u017ce prognozowanie sprzeda\u017cy staje&hellip; Czytaj dalej&#8230; Kiedy i jak robi\u0107 zmiany? 2024-02-23\/ Kiedy i jak robi\u0107 zmiany? Organizacyjny b\u00f3l Ze zmianami w firmie jest jak z leczeniem z\u0119b\u00f3w. Ka\u017cdy wie, \u017ce profilaktyka&hellip; Czytaj dalej&#8230; Rola mened\u017cera podczas transformacji 2024-02-23\/ ROLA MENAD\u017bERA PODCZAS TRANSFORMACJI Co z tym VUCA? Od lat m\u00f3wi si\u0119 w biznesie o VUCA, o czasach niepewno\u015bci wynikaj\u0105cych&hellip; Czytaj dalej&#8230;<\/p>\n","protected":false},"author":1,"featured_media":0,"parent":0,"menu_order":0,"comment_status":"closed","ping_status":"closed","template":"","meta":{"footnotes":""},"_links":{"self":[{"href":"https:\/\/bst-consulting.pl\/index.php?rest_route=\/wp\/v2\/pages\/226"}],"collection":[{"href":"https:\/\/bst-consulting.pl\/index.php?rest_route=\/wp\/v2\/pages"}],"about":[{"href":"https:\/\/bst-consulting.pl\/index.php?rest_route=\/wp\/v2\/types\/page"}],"author":[{"embeddable":true,"href":"https:\/\/bst-consulting.pl\/index.php?rest_route=\/wp\/v2\/users\/1"}],"replies":[{"embeddable":true,"href":"https:\/\/bst-consulting.pl\/index.php?rest_route=%2Fwp%2Fv2%2Fcomments&post=226"}],"version-history":[{"count":25,"href":"https:\/\/bst-consulting.pl\/index.php?rest_route=\/wp\/v2\/pages\/226\/revisions"}],"predecessor-version":[{"id":559,"href":"https:\/\/bst-consulting.pl\/index.php?rest_route=\/wp\/v2\/pages\/226\/revisions\/559"}],"wp:attachment":[{"href":"https:\/\/bst-consulting.pl\/index.php?rest_route=%2Fwp%2Fv2%2Fmedia&parent=226"}],"curies":[{"name":"wp","href":"https:\/\/api.w.org\/{rel}","templated":true}]}}